hat is the greatest common factor of 7206396 and 24?
12
What is the highest common factor of 1752475 and 27350?
25
What is the greatest common divisor of 247416195 and 195?
195
What is the highest common divisor of 87 and 79741677?
87
What is the greatest common divisor of 1758219 and 15?
3
What is the greatest common factor of 1856 and 2316549?
29
Calculate the greatest common divisor of 2004 and 14860662.
1002
Calculate the greatest common divisor of 21065 and 15895.
55
What is the highest common factor of 52 and 854594?
26
What is the greatest common divisor of 2196 and 6714270?
1098
What is the highest common factor of 8838968 and 117769?
899
Calculate the greatest common factor of 53 and 353413063.
53
What is the highest common divisor of 1093175800 and 3912?
1304
Calculate the greatest common divisor of 32 and 26528.
32
What is the greatest common divisor of 154 and 296230?
22
What is the highest common divisor of 483 and 1861321?
161
What is the greatest common divisor of 84 and 3811864?
28
What is the greatest common factor of 1791333 and 396?
9
Calculate the highest common factor of 2748088 and 802032.
1736
What is the greatest common factor of 805 and 970060?
35
What is the greatest common divisor of 64 and 724296?
8
Calculate the greatest common divisor of 475 and 1348975.
25
Calculate the greatest common divisor of 1952746 and 46276.
46
What is the highest common factor of 72297288 and 71288?
3752
Calculate the highest common factor of 310616 and 1911046.
1894
Calculate the greatest common factor of 34040 and 1338853.
23
Calculate the greatest common divisor of 9171335 and 186165.
985
What is the highest common divisor of 322083 and 8991?
27
What is the highest common factor of 159 and 74325557?
53
What is the greatest common factor of 22932 and 209196?
468
Calculate the highest common divisor of 12525 and 797325.
75
Calculate the greatest common divisor of 58517160 and 600.
120
Calculate the highest common divisor of 28168 and 319760.
56
What is the highest common factor of 3731850 and 4860?
90
What is the greatest common divisor of 25265 and 320?
5
What is the highest common divisor of 1265016 and 2082?
6
Calculate the highest common divisor of 16312445 and 26095.
1535
What is the highest common divisor of 9 and 42224193?
9
What is the highest common divisor of 2844 and 513252?
36
What is the highest common factor of 77862330 and 6370?
910
What is the greatest common divisor of 278187 and 432159?
273
Calculate the highest common factor of 20 and 540862870.
10
Calculate the highest common factor of 234944 and 12661279.
3671
Calculate the greatest common divisor of 51513574 and 224.
14
Calculate the highest common divisor of 24585 and 1115265.
2235
What is the greatest common factor of 5232765 and 6?
3
Calculate the highest common divisor of 36834552 and 1920.
24
Calculate the highest common factor of 222076780 and 142274.
12934
Calculate the greatest common divisor of 463893 and 47461.
1531
Calculate the highest common factor of 385139808 and 564.
564
Calculate the greatest common factor of 136883617 and 1417.
1417
Calculate the greatest common divisor of 228 and 119004638.
38
What is the greatest common divisor of 1127 and 1624812?
161
What is the highest common factor of 279214 and 286?
26
Calculate the highest common divisor of 22085174 and 2.
2
Calculate the greatest common divisor of 28823 and 1321307.
1517
Calculate the highest common divisor of 94332033 and 1188.
27
Calculate the highest common divisor of 35 and 180855.
5
Calculate the greatest common factor of 38 and 2795176.
2
What is the highest common divisor of 3969 and 9982602?
567
Calculate the greatest common factor of 11424 and 4467736.
952
What is the highest common factor of 338985 and 189999?
837
What is the greatest common factor of 6920610 and 119382?
1182
Calculate the greatest common divisor of 14700 and 38150.
350
Calculate the highest common factor of 1174052 and 3718.
22
Calculate the greatest common divisor of 6760 and 2526719.
169
What is the greatest common divisor of 704630 and 2840?
10
What is the greatest common divisor of 4063671 and 90?
9
What is the highest common factor of 5890 and 192650?
10
Calculate the greatest common divisor of 22294 and 4246510.
142
Calculate the highest common divisor of 12315859 and 633.
211
What is the greatest common factor of 12571212 and 105624?
1956
Calculate the highest common factor of 2951841 and 1492941.
4863
What is the highest common factor of 187 and 866789?
11
What is the greatest common factor of 5696886 and 234?
78
What is the greatest common factor of 783277 and 13888?
31
Calculate the highest common divisor of 67496 and 16181576.
472
What is the highest common factor of 24525 and 798300?
225
Calculate the highest common factor of 16 and 17132958.
2
What is the highest common factor of 27984 and 148082?
1166
What is the highest common divisor of 171943 and 82427?
139
What is the highest common divisor of 3781924 and 20?
4
Calculate the greatest common factor of 15045570 and 120.
30
Calculate the highest common divisor of 206175140 and 100.
20
What is the greatest common factor of 26754 and 5977118?
686
Calculate the highest common factor of 424998 and 350.
14
What is the highest common divisor of 896290 and 7990?
470
What is the greatest common factor of 4247874 and 12679?
409
Calculate the highest common factor of 288943250 and 186.
62
Calculate the greatest common divisor of 11055 and 933207.
33
Calculate the greatest common factor of 846 and 3145864959.
423
Calculate the highest common factor of 42 and 50994.
6
What is the greatest common factor of 1 and 136757?
1
Calculate the greatest common divisor of 1456088 and 48.
8
Calculate the greatest common divisor of 16468555 and 13837.
101
Calculate the highest common factor of 6952465 and 1820.
65
What is the greatest common divisor of 1407868 and 21588?
28
What is the greatest common factor of 799 and 978299?
17
What is the highest common factor of 7258 and 5839061?
3629
What is the highest common factor of 78380353 and 187?
17
Calculate the greatest common divisor of 37848 and 10299304.
664
Calculate the greatest common factor of 1150 and 4329520.
230
Calculate the highest common factor of 28856392 and 1.
1
What is the highest common factor of 820762 and 38?
38
Calculate the greatest common divisor of 846660 and 3051264.
1644
What is the highest common factor of 1851850 and 1295?
1295
Calculate the highest common factor of 156 and 10634124.
12
Calculate the highest common divisor of 3621 and 415001603.
1207
Calculate the greatest common factor of 293199841 and 11.
11
Calculate the highest common divisor of 4442967 and 4266279.
3681
Calculate the highest common factor of 61650924 and 12.
12
What is the greatest common factor of 10648 and 1363912?
968
What is the greatest common factor of 2424 and 161552328?
2424
What is the highest common factor of 1592 and 146388181?
199
Calculate the highest common divisor of 3600 and 81630.
90
Calculate the greatest common factor of 712974536 and 4768.
1192
Calculate the highest common divisor of 1545438 and 65391.
921
Calculate the greatest common factor of 2878189 and 24040.
601
What is the highest common divisor of 188556 and 2361?
3
Calculate the greatest common divisor of 30733592 and 2824.
2824
What is the greatest common divisor of 1381480 and 39400?
40
What is the greatest common factor of 5915790 and 324?
18
Calculate the highest common divisor of 5571005 and 440.
55
Calculate the highest common factor of 64384728 and 2760.
552
Calculate the greatest common divisor of 8595 and 618795.
45
Calculate the highest common factor of 28331 and 1415859.
691
Calculate the greatest common divisor of 15957 and 470448.
81
Calculate the highest common factor of 408 and 21904602.
102
Calculate the highest common divisor of 4536906 and 5830.
1166
Calculate the greatest common divisor of 15837817 and 267.
89
What is the highest common factor of 2811138 and 2230?
446
What is the greatest common factor of 232360 and 3153880?
1480
Calculate the greatest common divisor of 26208 and 54117.
63
Calculate the highest common factor of 164 and 11241831.
41
What is the highest common factor of 150 and 11167200?
150
What is the grea